{"id":1165,"date":"2024-03-30T11:49:42","date_gmt":"2024-03-30T10:49:42","guid":{"rendered":"https:\/\/cat.elultimocoral.es\/index.php\/nuestros-cursos\/"},"modified":"2024-04-01T07:10:01","modified_gmt":"2024-04-01T05:10:01","slug":"els-nostres-cursos","status":"publish","type":"page","link":"https:\/\/cat.elultimocoral.es\/index.php\/els-nostres-cursos\/","title":{"rendered":"Els nostres cursos"},"content":{"rendered":"\t\t<div data-elementor-type=\"wp-page\" data-elementor-id=\"1165\" class=\"elementor elementor-1165\">\n\t\t\t\t\t\t<section class=\"elementor-section elementor-top-section elementor-element elementor-element-1964fcc6 elementor-section-full_width elementor-section-height-default elementor-section-height-default\" data-id=\"1964fcc6\" data-element_type=\"section\" data-e-type=\"section\" data-settings=\"{&quot;background_background&quot;:&quot;classic&quot;}\">\n\t\t\t\t\t\t<div class=\"elementor-container elementor-column-gap-default\">\n\t\t\t\t\t<div class=\"elementor-column elementor-col-100 elementor-top-column elementor-element elementor-element-37ba309f elementor-invisible\" data-id=\"37ba309f\" data-element_type=\"column\" data-e-type=\"column\" data-settings=\"{&quot;background_background&quot;:&quot;classic&quot;,&quot;animation&quot;:&quot;fadeIn&quot;}\">\n\t\t\t<div class=\"elementor-widget-wrap elementor-element-populated\">\n\t\t\t\t\t<div class=\"elementor-background-overlay\"><\/div>\n\t\t\t\t\t\t<section class=\"elementor-section elementor-inner-section elementor-element elementor-element-361796c elementor-section-boxed elementor-section-height-default elementor-section-height-default\" data-id=\"361796c\" data-element_type=\"section\" data-e-type=\"section\" data-settings=\"{&quot;background_background&quot;:&quot;classic&quot;}\">\n\t\t\t\t\t\t\t<div class=\"elementor-background-overlay\"><\/div>\n\t\t\t\t\t\t\t<div class=\"elementor-container elementor-column-gap-default\">\n\t\t\t\t\t<div class=\"elementor-column elementor-col-100 elementor-inner-column elementor-element elementor-element-2ec5677f elementor-invisible\" data-id=\"2ec5677f\" data-element_type=\"column\" data-e-type=\"column\" data-settings=\"{&quot;animation&quot;:&quot;fadeIn&quot;,&quot;background_background&quot;:&quot;classic&quot;}\">\n\t\t\t<div class=\"elementor-widget-wrap elementor-element-populated\">\n\t\t\t\t\t\t<div class=\"elementor-element elementor-element-28eecd32 elementor-widget elementor-widget-heading\" data-id=\"28eecd32\" data-element_type=\"widget\" data-e-type=\"widget\" data-widget_type=\"heading.default\">\n\t\t\t\t<div class=\"elementor-widget-container\">\n\t\t\t\t\t<h6 class=\"elementor-heading-title elementor-size-large\">ELS NOSTRES CURSOS<\/h6>\t\t\t\t<\/div>\n\t\t\t\t<\/div>\n\t\t\t\t\t<\/div>\n\t\t<\/div>\n\t\t\t\t\t<\/div>\n\t\t<\/section>\n\t\t\t\t\t<\/div>\n\t\t<\/div>\n\t\t\t\t\t<\/div>\n\t\t<\/section>\n\t\t<div class=\"elementor-element elementor-element-4e782b71 e-flex e-con-boxed e-con e-parent\" data-id=\"4e782b71\" data-element_type=\"container\" data-e-type=\"container\">\n\t\t\t\t\t<div class=\"e-con-inner\">\n\t\t\t\t\t<\/div>\n\t\t\t\t<\/div>\n\t\t<div class=\"elementor-element elementor-element-61a39934 e-flex e-con-boxed e-con e-parent\" data-id=\"61a39934\" data-element_type=\"container\" data-e-type=\"container\">\n\t\t\t\t\t<div class=\"e-con-inner\">\n\t\t\t\t<div class=\"elementor-element elementor-element-5e1b6c5b elementor-widget elementor-widget-text-editor\" data-id=\"5e1b6c5b\" data-element_type=\"widget\" data-e-type=\"widget\" data-widget_type=\"text-editor.default\">\n\t\t\t\t<div class=\"elementor-widget-container\">\n\t\t\t\t\t\t\t\t\t<p>El \u00daltimo Coral \u00e9s un club creat sota l&#8217;esperit d&#8217;una atenci\u00f3 personalitzada i la m\u00e0xima cura dels nostres alumnes i del m\u00f3n aqu\u00e0tic i subaqu\u00e0tic. Oferim cursos dels diferents nivells de busseig i especialitats.<\/p><p>\u00a0<\/p><p>La nostra prioritat \u00e9s donar una formaci\u00f3 m\u00e9s individualitzada, amb adaptabilitat i amb la m\u00e0xima interacci\u00f3. Apostem per grups redu\u00efts de tres o quatre persones i un ensenyament amb seguiment personal, amb classes te\u00f2riques tant online com presencials, tenint en compte la disponibilitat de cada persona.<\/p><p>\u00a0<\/p><p>Volem que els nostres alumnes adquireixin tots els coneixements, habilitats i experi\u00e8ncies per poder fer aquest esport de forma correcta i segura. I com que no volem que el curs nom\u00e9s amb una titulaci\u00f3, poden comptar amb nosaltres per continuar adquirint experi\u00e8ncia en immersions, sortides o altres esdeveniments que organitzem.<\/p>\t\t\t\t\t\t\t\t<\/div>\n\t\t\t\t<\/div>\n\t\t\t\t\t<\/div>\n\t\t\t\t<\/div>\n\t\t<div class=\"elementor-element elementor-element-24687f8c e-flex e-con-boxed e-con e-parent\" data-id=\"24687f8c\" data-element_type=\"container\" data-e-type=\"container\">\n\t\t\t\t\t<div class=\"e-con-inner\">\n\t\t<div class=\"elementor-element elementor-element-6e601219 e-con-full e-flex e-con e-child\" data-id=\"6e601219\" data-element_type=\"container\" data-e-type=\"container\">\n\t\t\t\t<div class=\"elementor-element elementor-element-2df3b324 elementor-widget elementor-widget-image\" data-id=\"2df3b324\" data-element_type=\"widget\" data-e-type=\"widget\" data-widget_type=\"image.default\">\n\t\t\t\t<div class=\"elementor-widget-container\">\n\t\t\t\t\t\t\t\t\t\t\t\t\t\t\t\t<a href=\"https:\/\/elultimocoral.es\/iniciacion-al-buceo\/\">\n\t\t\t\t\t\t\t<img decoding=\"async\" src=\"https:\/\/cat.elultimocoral.es\/wp-content\/uploads\/elementor\/thumbs\/Siguiente-Nivel-Iniciacion-scaled-1-qlvf4lz3o8ldmoa7kl5xc3yj2elgyhnbn33c5hv0co.jpg\" title=\"Siguiente-Nivel-Iniciacion-scaled.jpg\" alt=\"Siguiente-Nivel-Iniciacion-scaled.jpg\" class=\"elementor-animation-grow\" loading=\"lazy\" \/>\t\t\t\t\t\t\t\t<\/a>\n\t\t\t\t\t\t\t\t\t\t\t\t\t\t\t<\/div>\n\t\t\t\t<\/div>\n\t\t\t\t<div class=\"elementor-element elementor-element-2429b265 elementor-widget elementor-widget-heading\" data-id=\"2429b265\" data-element_type=\"widget\" data-e-type=\"widget\" data-widget_type=\"heading.default\">\n\t\t\t\t<div class=\"elementor-widget-container\">\n\t\t\t\t\t<h2 class=\"elementor-heading-title elementor-size-default\">Curs Iniciaci\u00f3<\/h2>\t\t\t\t<\/div>\n\t\t\t\t<\/div>\n\t\t\t\t<div class=\"elementor-element elementor-element-8e393ed elementor-align-center elementor-widget elementor-widget-button\" data-id=\"8e393ed\" data-element_type=\"widget\" data-e-type=\"widget\" data-widget_type=\"button.default\">\n\t\t\t\t<div class=\"elementor-widget-container\">\n\t\t\t\t\t\t\t\t\t<div class=\"elementor-button-wrapper\">\n\t\t\t\t\t<a class=\"elementor-button elementor-button-link elementor-size-sm\" href=\"https:\/\/elultimocoral.es\/iniciacion-al-buceo\/\">\n\t\t\t\t\t\t<span class=\"elementor-button-content-wrapper\">\n\t\t\t\t\t\t\t\t\t<span class=\"elementor-button-text\">Entra<\/span>\n\t\t\t\t\t<\/span>\n\t\t\t\t\t<\/a>\n\t\t\t\t<\/div>\n\t\t\t\t\t\t\t\t<\/div>\n\t\t\t\t<\/div>\n\t\t\t\t<\/div>\n\t\t<div class=\"elementor-element elementor-element-3866661c e-con-full e-flex e-con e-child\" data-id=\"3866661c\" data-element_type=\"container\" data-e-type=\"container\">\n\t\t\t\t<\/div>\n\t\t<div class=\"elementor-element elementor-element-174384f8 e-con-full e-flex e-con e-child\" data-id=\"174384f8\" data-element_type=\"container\" data-e-type=\"container\">\n\t\t\t\t<div class=\"elementor-element elementor-element-83dbbac elementor-widget elementor-widget-image\" data-id=\"83dbbac\" data-element_type=\"widget\" data-e-type=\"widget\" data-widget_type=\"image.default\">\n\t\t\t\t<div class=\"elementor-widget-container\">\n\t\t\t\t\t\t\t\t\t\t\t\t\t\t\t\t<a href=\"https:\/\/cat.elultimocoral.es\/index.php\/curs-avancat\/\">\n\t\t\t\t\t\t\t<img decoding=\"async\" src=\"https:\/\/cat.elultimocoral.es\/wp-content\/uploads\/elementor\/thumbs\/T0100470-scaled-e1696779454697-qlvf4aoyq6ms1jioch4kjnwwaksnub9bzvikz381ao.jpg\" title=\"\" alt=\"\" class=\"elementor-animation-grow\" loading=\"lazy\" \/>\t\t\t\t\t\t\t\t<\/a>\n\t\t\t\t\t\t\t\t\t\t\t\t\t\t\t<\/div>\n\t\t\t\t<\/div>\n\t\t\t\t<div class=\"elementor-element elementor-element-57b9806f elementor-widget elementor-widget-heading\" data-id=\"57b9806f\" data-element_type=\"widget\" data-e-type=\"widget\" data-widget_type=\"heading.default\">\n\t\t\t\t<div class=\"elementor-widget-container\">\n\t\t\t\t\t<h2 class=\"elementor-heading-title elementor-size-default\">Curs Avan\u00e7ats<\/h2>\t\t\t\t<\/div>\n\t\t\t\t<\/div>\n\t\t\t\t<div class=\"elementor-element elementor-element-b7d8502 elementor-align-center elementor-widget elementor-widget-button\" data-id=\"b7d8502\" data-element_type=\"widget\" data-e-type=\"widget\" data-widget_type=\"button.default\">\n\t\t\t\t<div class=\"elementor-widget-container\">\n\t\t\t\t\t\t\t\t\t<div class=\"elementor-button-wrapper\">\n\t\t\t\t\t<a class=\"elementor-button elementor-button-link elementor-size-sm\" href=\"https:\/\/cat.elultimocoral.es\/index.php\/curs-avancat\/\">\n\t\t\t\t\t\t<span class=\"elementor-button-content-wrapper\">\n\t\t\t\t\t\t\t\t\t<span class=\"elementor-button-text\">Entra<\/span>\n\t\t\t\t\t<\/span>\n\t\t\t\t\t<\/a>\n\t\t\t\t<\/div>\n\t\t\t\t\t\t\t\t<\/div>\n\t\t\t\t<\/div>\n\t\t\t\t<\/div>\n\t\t<div class=\"elementor-element elementor-element-49dbd68d e-con-full e-flex e-con e-child\" data-id=\"49dbd68d\" data-element_type=\"container\" data-e-type=\"container\">\n\t\t\t\t<\/div>\n\t\t<div class=\"elementor-element elementor-element-5f16021e e-con-full e-flex e-con e-child\" data-id=\"5f16021e\" data-element_type=\"container\" data-e-type=\"container\">\n\t\t\t\t<div class=\"elementor-element elementor-element-2328c088 elementor-widget elementor-widget-image\" data-id=\"2328c088\" data-element_type=\"widget\" data-e-type=\"widget\" data-widget_type=\"image.default\">\n\t\t\t\t<div class=\"elementor-widget-container\">\n\t\t\t\t\t\t\t\t\t\t\t\t\t\t\t\t<a href=\"https:\/\/elultimocoral.es\/hazte-pro\/\">\n\t\t\t\t\t\t\t<img decoding=\"async\" src=\"https:\/\/cat.elultimocoral.es\/wp-content\/uploads\/elementor\/thumbs\/HAZTE-PRO-1-scaled-1-qlyx5lerg3dssq26rq2qh7u984dm895sr2myyetv2g.jpg\" title=\"HAZTE-PRO-1-scaled.jpg\" alt=\"HAZTE-PRO-1-scaled.jpg\" class=\"elementor-animation-grow\" loading=\"lazy\" \/>\t\t\t\t\t\t\t\t<\/a>\n\t\t\t\t\t\t\t\t\t\t\t\t\t\t\t<\/div>\n\t\t\t\t<\/div>\n\t\t\t\t<div class=\"elementor-element elementor-element-5f7f4907 elementor-widget elementor-widget-heading\" data-id=\"5f7f4907\" data-element_type=\"widget\" data-e-type=\"widget\" data-widget_type=\"heading.default\">\n\t\t\t\t<div class=\"elementor-widget-container\">\n\t\t\t\t\t<h2 class=\"elementor-heading-title elementor-size-default\">Fes-te Professional<\/h2>\t\t\t\t<\/div>\n\t\t\t\t<\/div>\n\t\t\t\t<div class=\"elementor-element elementor-element-59bdfc0 elementor-align-center elementor-widget elementor-widget-button\" data-id=\"59bdfc0\" data-element_type=\"widget\" data-e-type=\"widget\" data-widget_type=\"button.default\">\n\t\t\t\t<div class=\"elementor-widget-container\">\n\t\t\t\t\t\t\t\t\t<div class=\"elementor-button-wrapper\">\n\t\t\t\t\t<a class=\"elementor-button elementor-button-link elementor-size-sm\" href=\"https:\/\/cat.elultimocoral.es\/index.php\/fes-te-professional\/\">\n\t\t\t\t\t\t<span class=\"elementor-button-content-wrapper\">\n\t\t\t\t\t\t\t\t\t<span class=\"elementor-button-text\">Entra<\/span>\n\t\t\t\t\t<\/span>\n\t\t\t\t\t<\/a>\n\t\t\t\t<\/div>\n\t\t\t\t\t\t\t\t<\/div>\n\t\t\t\t<\/div>\n\t\t\t\t<\/div>\n\t\t<div class=\"elementor-element elementor-element-7a7d429d e-con-full e-flex e-con e-child\" data-id=\"7a7d429d\" data-element_type=\"container\" data-e-type=\"container\">\n\t\t\t\t<\/div>\n\t\t\t\t\t<\/div>\n\t\t\t\t<\/div>\n\t\t<div class=\"elementor-element elementor-element-35874cae e-flex e-con-boxed e-con e-parent\" data-id=\"35874cae\" data-element_type=\"container\" data-e-type=\"container\">\n\t\t\t\t\t<div class=\"e-con-inner\">\n\t\t<div class=\"elementor-element elementor-element-4aaf343f e-con-full e-flex e-con e-child\" data-id=\"4aaf343f\" data-element_type=\"container\" data-e-type=\"container\">\n\t\t\t\t<div class=\"elementor-element elementor-element-6c3d2be5 elementor-widget elementor-widget-image\" data-id=\"6c3d2be5\" data-element_type=\"widget\" data-e-type=\"widget\" data-widget_type=\"image.default\">\n\t\t\t\t<div class=\"elementor-widget-container\">\n\t\t\t\t\t\t\t\t\t\t\t\t\t\t\t<img decoding=\"async\" src=\"https:\/\/cat.elultimocoral.es\/wp-content\/uploads\/elementor\/thumbs\/ESPECIALIDADES-SUBACUATICAS-qlyx5mclmxf34c0tm8hd1plpti8zfy9j37agfosgw8.jpg\" title=\"ESPECIALIDADES-SUBACUATICAS.jpg\" alt=\"ESPECIALIDADES-SUBACUATICAS.jpg\" class=\"elementor-animation-grow\" loading=\"lazy\" \/>\t\t\t\t\t\t\t\t\t\t\t\t\t\t\t<\/div>\n\t\t\t\t<\/div>\n\t\t\t\t<div class=\"elementor-element elementor-element-f724d08 elementor-widget elementor-widget-heading\" data-id=\"f724d08\" data-element_type=\"widget\" data-e-type=\"widget\" data-widget_type=\"heading.default\">\n\t\t\t\t<div class=\"elementor-widget-container\">\n\t\t\t\t\t<h2 class=\"elementor-heading-title elementor-size-default\">Especialitats de Busseig<\/h2>\t\t\t\t<\/div>\n\t\t\t\t<\/div>\n\t\t\t\t<div class=\"elementor-element elementor-element-476ae53 elementor-align-center elementor-widget elementor-widget-button\" data-id=\"476ae53\" data-element_type=\"widget\" data-e-type=\"widget\" data-widget_type=\"button.default\">\n\t\t\t\t<div class=\"elementor-widget-container\">\n\t\t\t\t\t\t\t\t\t<div class=\"elementor-button-wrapper\">\n\t\t\t\t\t<a class=\"elementor-button elementor-button-link elementor-size-sm\" href=\"#\">\n\t\t\t\t\t\t<span class=\"elementor-button-content-wrapper\">\n\t\t\t\t\t\t\t\t\t<span class=\"elementor-button-text\">Properament<\/span>\n\t\t\t\t\t<\/span>\n\t\t\t\t\t<\/a>\n\t\t\t\t<\/div>\n\t\t\t\t\t\t\t\t<\/div>\n\t\t\t\t<\/div>\n\t\t\t\t<\/div>\n\t\t<div class=\"elementor-element elementor-element-17e2ec4 e-con-full e-flex e-con e-child\" data-id=\"17e2ec4\" data-element_type=\"container\" data-e-type=\"container\">\n\t\t\t\t<\/div>\n\t\t<div class=\"elementor-element elementor-element-12018e3c e-con-full e-flex e-con e-child\" data-id=\"12018e3c\" data-element_type=\"container\" data-e-type=\"container\">\n\t\t\t\t<div class=\"elementor-element elementor-element-53e494c6 elementor-widget elementor-widget-image\" data-id=\"53e494c6\" data-element_type=\"widget\" data-e-type=\"widget\" data-widget_type=\"image.default\">\n\t\t\t\t<div class=\"elementor-widget-container\">\n\t\t\t\t\t\t\t\t\t\t\t\t\t\t\t\t<a href=\"https:\/\/elultimocoral.es\/especialidades-asistencia\/\">\n\t\t\t\t\t\t\t<img decoding=\"async\" src=\"https:\/\/cat.elultimocoral.es\/wp-content\/uploads\/elementor\/thumbs\/ESPECIALIDADES-DE-ASISTENCIA-qlyx5etw494sjgbqu58chri12fa1qdfoe62klh3ma0.jpg\" title=\"ESPECIALIDADES-DE-ASISTENCIA.jpg\" alt=\"ESPECIALIDADES-DE-ASISTENCIA.jpg\" class=\"elementor-animation-grow\" loading=\"lazy\" \/>\t\t\t\t\t\t\t\t<\/a>\n\t\t\t\t\t\t\t\t\t\t\t\t\t\t\t<\/div>\n\t\t\t\t<\/div>\n\t\t\t\t<div class=\"elementor-element elementor-element-41fc2edb elementor-widget elementor-widget-heading\" data-id=\"41fc2edb\" data-element_type=\"widget\" data-e-type=\"widget\" data-widget_type=\"heading.default\">\n\t\t\t\t<div class=\"elementor-widget-container\">\n\t\t\t\t\t<h2 class=\"elementor-heading-title elementor-size-default\">Especialitats en Assist\u00e8ncia<\/h2>\t\t\t\t<\/div>\n\t\t\t\t<\/div>\n\t\t\t\t<div class=\"elementor-element elementor-element-103916f elementor-align-center elementor-widget elementor-widget-button\" data-id=\"103916f\" data-element_type=\"widget\" data-e-type=\"widget\" data-widget_type=\"button.default\">\n\t\t\t\t<div class=\"elementor-widget-container\">\n\t\t\t\t\t\t\t\t\t<div class=\"elementor-button-wrapper\">\n\t\t\t\t\t<a class=\"elementor-button elementor-button-link elementor-size-sm\" href=\"https:\/\/cat.elultimocoral.es\/index.php\/especialitats-en-assistencia\/\">\n\t\t\t\t\t\t<span class=\"elementor-button-content-wrapper\">\n\t\t\t\t\t\t\t\t\t<span class=\"elementor-button-text\">entra<\/span>\n\t\t\t\t\t<\/span>\n\t\t\t\t\t<\/a>\n\t\t\t\t<\/div>\n\t\t\t\t\t\t\t\t<\/div>\n\t\t\t\t<\/div>\n\t\t\t\t<\/div>\n\t\t\t\t\t<\/div>\n\t\t\t\t<\/div>\n\t\t\t\t<\/div>\n\t\t","protected":false},"excerpt":{"rendered":"<p>ELS NOSTRES CURSOS El \u00daltimo Coral \u00e9s un club creat sota l&#8217;esperit d&#8217;una atenci\u00f3 personalitzada i la m\u00e0xima cura dels nostres alumnes i del m\u00f3n aqu\u00e0tic i subaqu\u00e0tic. Oferim cursos dels diferents nivells de busseig i especialitats. \u00a0 La nostra prioritat \u00e9s donar una formaci\u00f3 m\u00e9s individualitzada, amb adaptabilitat i amb la m\u00e0xima interacci\u00f3. Apostem &hellip; <a href=\"https:\/\/cat.elultimocoral.es\/index.php\/els-nostres-cursos\/\" class=\"more-link\">Continue reading<span class=\"screen-reader-text\"> &#8220;Els nostres cursos&#8221;<\/span><\/a><\/p>\n","protected":false},"author":1,"featured_media":0,"parent":0,"menu_order":0,"comment_status":"closed","ping_status":"closed","template":"elementor_header_footer","meta":{"footnotes":""},"class_list":["post-1165","page","type-page","status-publish","hentry"],"post_mailing_queue_ids":[],"_links":{"self":[{"href":"https:\/\/cat.elultimocoral.es\/index.php\/wp-json\/wp\/v2\/pages\/1165","targetHints":{"allow":["GET"]}}],"collection":[{"href":"https:\/\/cat.elultimocoral.es\/index.php\/wp-json\/wp\/v2\/pages"}],"about":[{"href":"https:\/\/cat.elultimocoral.es\/index.php\/wp-json\/wp\/v2\/types\/page"}],"author":[{"embeddable":true,"href":"https:\/\/cat.elultimocoral.es\/index.php\/wp-json\/wp\/v2\/users\/1"}],"replies":[{"embeddable":true,"href":"https:\/\/cat.elultimocoral.es\/index.php\/wp-json\/wp\/v2\/comments?post=1165"}],"version-history":[{"count":23,"href":"https:\/\/cat.elultimocoral.es\/index.php\/wp-json\/wp\/v2\/pages\/1165\/revisions"}],"predecessor-version":[{"id":1608,"href":"https:\/\/cat.elultimocoral.es\/index.php\/wp-json\/wp\/v2\/pages\/1165\/revisions\/1608"}],"wp:attachment":[{"href":"https:\/\/cat.elultimocoral.es\/index.php\/wp-json\/wp\/v2\/media?parent=1165"}],"curies":[{"name":"wp","href":"https:\/\/api.w.org\/{rel}","templated":true}]}}