{"id":1134,"date":"2024-03-30T11:49:39","date_gmt":"2024-03-30T10:49:39","guid":{"rendered":"https:\/\/cat.elultimocoral.es\/index.php\/cursos-iniciacion\/"},"modified":"2024-04-01T07:08:47","modified_gmt":"2024-04-01T05:08:47","slug":"curs-iniciacio","status":"publish","type":"page","link":"https:\/\/cat.elultimocoral.es\/index.php\/curs-iniciacio\/","title":{"rendered":"Curs d&#8217;Iniciaci\u00f3"},"content":{"rendered":"\t\t<div data-elementor-type=\"wp-page\" data-elementor-id=\"1134\" class=\"elementor elementor-1134\">\n\t\t\t\t\t\t<section class=\"elementor-section elementor-top-section elementor-element elementor-element-1965bb37 elementor-section-full_width elementor-section-height-default elementor-section-height-default\" data-id=\"1965bb37\" data-element_type=\"section\" data-e-type=\"section\" data-settings=\"{&quot;background_background&quot;:&quot;classic&quot;}\">\n\t\t\t\t\t\t<div class=\"elementor-container elementor-column-gap-default\">\n\t\t\t\t\t<div class=\"elementor-column elementor-col-100 elementor-top-column elementor-element elementor-element-2df3a6ee elementor-invisible\" data-id=\"2df3a6ee\" data-element_type=\"column\" data-e-type=\"column\" data-settings=\"{&quot;background_background&quot;:&quot;classic&quot;,&quot;animation&quot;:&quot;fadeIn&quot;}\">\n\t\t\t<div class=\"elementor-widget-wrap elementor-element-populated\">\n\t\t\t\t\t<div class=\"elementor-background-overlay\"><\/div>\n\t\t\t\t\t\t<section class=\"elementor-section elementor-inner-section elementor-element elementor-element-3a614b80 elementor-section-boxed elementor-section-height-default elementor-section-height-default\" data-id=\"3a614b80\" data-element_type=\"section\" data-e-type=\"section\" data-settings=\"{&quot;background_background&quot;:&quot;classic&quot;}\">\n\t\t\t\t\t\t\t<div class=\"elementor-background-overlay\"><\/div>\n\t\t\t\t\t\t\t<div class=\"elementor-container elementor-column-gap-default\">\n\t\t\t\t\t<div class=\"elementor-column elementor-col-100 elementor-inner-column elementor-element elementor-element-339a6d92 elementor-invisible\" data-id=\"339a6d92\" data-element_type=\"column\" data-e-type=\"column\" data-settings=\"{&quot;animation&quot;:&quot;fadeIn&quot;}\">\n\t\t\t<div class=\"elementor-widget-wrap elementor-element-populated\">\n\t\t\t\t\t\t<div class=\"elementor-element elementor-element-6bde293d elementor-widget elementor-widget-heading\" data-id=\"6bde293d\" data-element_type=\"widget\" data-e-type=\"widget\" data-widget_type=\"heading.default\">\n\t\t\t\t<div class=\"elementor-widget-container\">\n\t\t\t\t\t<h6 class=\"elementor-heading-title elementor-size-large\">CURS D'INICIACI\u00d3<\/h6>\t\t\t\t<\/div>\n\t\t\t\t<\/div>\n\t\t\t\t\t<\/div>\n\t\t<\/div>\n\t\t\t\t\t<\/div>\n\t\t<\/section>\n\t\t\t\t\t<\/div>\n\t\t<\/div>\n\t\t\t\t\t<\/div>\n\t\t<\/section>\n\t\t<div class=\"elementor-element elementor-element-458f0acb e-flex e-con-boxed e-con e-parent\" data-id=\"458f0acb\" data-element_type=\"container\" data-e-type=\"container\">\n\t\t\t\t\t<div class=\"e-con-inner\">\n\t\t<div class=\"elementor-element elementor-element-43142de8 e-con-full e-flex e-con e-child\" data-id=\"43142de8\" data-element_type=\"container\" data-e-type=\"container\">\n\t\t\t\t<div class=\"elementor-element elementor-element-663ab328 elementor-widget elementor-widget-text-editor\" data-id=\"663ab328\" data-element_type=\"widget\" data-e-type=\"widget\" data-widget_type=\"text-editor.default\">\n\t\t\t\t<div class=\"elementor-widget-container\">\n\t\t\t\t\t\t\t\t\t<p>El curs d&#8217;iniciaci\u00f3 us obrir\u00e0 les portes a un emocionant nou esport, afici\u00f3 o, fins i tot, sortida professional. Amb el nostre curs, obtindr\u00e0s el teu primer certificat de busseig recreatiu, fins i tot a partir dels 12 anys.<\/p><p>\u00a0<\/p><p>El curs combina tots els aspectes b\u00e0sics de busseig des d&#8217;una perspectiva te\u00f2rica i pr\u00e0ctica. A m\u00e9s, et familiaritzar\u00e0s amb diverses t\u00e8cniques i m\u00e8todes que poden desenvolupar les teves habilitats a sota de l&#8217;aigua.<\/p><p>\u00a0<\/p><p>Aquest curs d\u00b4iniciaci\u00f3 el podem impartir amb qualsevol de les nostres dues organitzacions formatives: <strong>PADI (OPEN WATER DIVING) i FECDAS-CMAS (BUSSEJADOR 1 Estrella)<\/strong><\/p>\t\t\t\t\t\t\t\t<\/div>\n\t\t\t\t<\/div>\n\t\t\t\t<div class=\"elementor-element elementor-element-715ad2ce elementor-align-center elementor-widget elementor-widget-button\" data-id=\"715ad2ce\" data-element_type=\"widget\" data-e-type=\"widget\" data-widget_type=\"button.default\">\n\t\t\t\t<div class=\"elementor-widget-container\">\n\t\t\t\t\t\t\t\t\t<div class=\"elementor-button-wrapper\">\n\t\t\t\t\t<a class=\"elementor-button elementor-button-link elementor-size-lg elementor-animation-grow\" href=\"https:\/\/cat.elultimocoral.es\/index.php\/formulario-cursos\/\">\n\t\t\t\t\t\t<span class=\"elementor-button-content-wrapper\">\n\t\t\t\t\t\t\t\t\t<span class=\"elementor-button-text\">Inscriu-te<\/span>\n\t\t\t\t\t<\/span>\n\t\t\t\t\t<\/a>\n\t\t\t\t<\/div>\n\t\t\t\t\t\t\t\t<\/div>\n\t\t\t\t<\/div>\n\t\t\t\t<\/div>\n\t\t<div class=\"elementor-element elementor-element-6d276753 e-con-full e-flex e-con e-child\" data-id=\"6d276753\" data-element_type=\"container\" data-e-type=\"container\">\n\t\t<div class=\"elementor-element elementor-element-d12a88d e-flex e-con-boxed e-con e-child\" data-id=\"d12a88d\" data-element_type=\"container\" data-e-type=\"container\">\n\t\t\t\t\t<div class=\"e-con-inner\">\n\t\t\t\t<div class=\"elementor-element elementor-element-bdf2127 elementor-widget elementor-widget-image\" data-id=\"bdf2127\" data-element_type=\"widget\" data-e-type=\"widget\" data-widget_type=\"image.default\">\n\t\t\t\t<div class=\"elementor-widget-container\">\n\t\t\t\t\t\t\t\t\t\t\t\t\t\t\t<img decoding=\"async\" src=\"https:\/\/cat.elultimocoral.es\/wp-content\/uploads\/elementor\/thumbs\/En-45-minutos-aproximadamente-16-qm1zmynj3zb66ejwbjtiiyp6d2855itkpf7kqd2g80.png\" title=\"\" alt=\"\" loading=\"lazy\" \/>\t\t\t\t\t\t\t\t\t\t\t\t\t\t\t<\/div>\n\t\t\t\t<\/div>\n\t\t\t\t\t<\/div>\n\t\t\t\t<\/div>\n\t\t<div class=\"elementor-element elementor-element-70b42838 e-flex e-con-boxed e-con e-child\" data-id=\"70b42838\" data-element_type=\"container\" data-e-type=\"container\">\n\t\t\t\t\t<div class=\"e-con-inner\">\n\t\t\t\t<div class=\"elementor-element elementor-element-61f0ca0a elementor-widget elementor-widget-image\" data-id=\"61f0ca0a\" data-element_type=\"widget\" data-e-type=\"widget\" data-widget_type=\"image.default\">\n\t\t\t\t<div class=\"elementor-widget-container\">\n\t\t\t\t\t\t\t\t\t\t\t\t\t\t\t<img decoding=\"async\" src=\"https:\/\/cat.elultimocoral.es\/wp-content\/uploads\/elementor\/thumbs\/El-texto-del-parrafo-12-qlz039fmygsing1shnw5bx31k4vanawuywei8pkvj4.png\" title=\"\" alt=\"\" loading=\"lazy\" \/>\t\t\t\t\t\t\t\t\t\t\t\t\t\t\t<\/div>\n\t\t\t\t<\/div>\n\t\t\t\t\t<\/div>\n\t\t\t\t<\/div>\n\t\t\t\t<\/div>\n\t\t\t\t\t<\/div>\n\t\t\t\t<\/div>\n\t\t<div class=\"elementor-element elementor-element-52f8c72 e-flex e-con-boxed e-con e-parent\" data-id=\"52f8c72\" data-element_type=\"container\" data-e-type=\"container\">\n\t\t\t\t\t<div class=\"e-con-inner\">\n\t\t\t\t\t<\/div>\n\t\t\t\t<\/div>\n\t\t\t\t<\/div>\n\t\t","protected":false},"excerpt":{"rendered":"<p>CURS D&#8217;INICIACI\u00d3 El curs d&#8217;iniciaci\u00f3 us obrir\u00e0 les portes a un emocionant nou esport, afici\u00f3 o, fins i tot, sortida professional. Amb el nostre curs, obtindr\u00e0s el teu primer certificat de busseig recreatiu, fins i tot a partir dels 12 anys. \u00a0 El curs combina tots els aspectes b\u00e0sics de busseig des d&#8217;una perspectiva te\u00f2rica &hellip; <a href=\"https:\/\/cat.elultimocoral.es\/index.php\/curs-iniciacio\/\" class=\"more-link\">Continue reading<span class=\"screen-reader-text\"> &#8220;Curs d&#8217;Iniciaci\u00f3&#8221;<\/span><\/a><\/p>\n","protected":false},"author":1,"featured_media":0,"parent":0,"menu_order":0,"comment_status":"closed","ping_status":"closed","template":"elementor_header_footer","meta":{"footnotes":""},"class_list":["post-1134","page","type-page","status-publish","hentry"],"post_mailing_queue_ids":[],"_links":{"self":[{"href":"https:\/\/cat.elultimocoral.es\/index.php\/wp-json\/wp\/v2\/pages\/1134","targetHints":{"allow":["GET"]}}],"collection":[{"href":"https:\/\/cat.elultimocoral.es\/index.php\/wp-json\/wp\/v2\/pages"}],"about":[{"href":"https:\/\/cat.elultimocoral.es\/index.php\/wp-json\/wp\/v2\/types\/page"}],"author":[{"embeddable":true,"href":"https:\/\/cat.elultimocoral.es\/index.php\/wp-json\/wp\/v2\/users\/1"}],"replies":[{"embeddable":true,"href":"https:\/\/cat.elultimocoral.es\/index.php\/wp-json\/wp\/v2\/comments?post=1134"}],"version-history":[{"count":18,"href":"https:\/\/cat.elultimocoral.es\/index.php\/wp-json\/wp\/v2\/pages\/1134\/revisions"}],"predecessor-version":[{"id":1605,"href":"https:\/\/cat.elultimocoral.es\/index.php\/wp-json\/wp\/v2\/pages\/1134\/revisions\/1605"}],"wp:attachment":[{"href":"https:\/\/cat.elultimocoral.es\/index.php\/wp-json\/wp\/v2\/media?parent=1134"}],"curies":[{"name":"wp","href":"https:\/\/api.w.org\/{rel}","templated":true}]}}