{"id":1112,"date":"2024-03-30T11:49:33","date_gmt":"2024-03-30T10:49:33","guid":{"rendered":"https:\/\/cat.elultimocoral.es\/index.php\/hazte-pro\/"},"modified":"2024-04-01T07:05:27","modified_gmt":"2024-04-01T05:05:27","slug":"fes-te-professional","status":"publish","type":"page","link":"https:\/\/cat.elultimocoral.es\/index.php\/fes-te-professional\/","title":{"rendered":"Fes-te Professional"},"content":{"rendered":"\t\t<div data-elementor-type=\"wp-page\" data-elementor-id=\"1112\" class=\"elementor elementor-1112\">\n\t\t\t\t\t\t<section class=\"elementor-section elementor-top-section elementor-element elementor-element-30089e16 elementor-section-full_width elementor-section-height-default elementor-section-height-default\" data-id=\"30089e16\" data-element_type=\"section\" data-e-type=\"section\" data-settings=\"{&quot;background_background&quot;:&quot;classic&quot;}\">\n\t\t\t\t\t\t<div class=\"elementor-container elementor-column-gap-default\">\n\t\t\t\t\t<div class=\"elementor-column elementor-col-100 elementor-top-column elementor-element elementor-element-6b0d4ae1 elementor-invisible\" data-id=\"6b0d4ae1\" data-element_type=\"column\" data-e-type=\"column\" data-settings=\"{&quot;background_background&quot;:&quot;classic&quot;,&quot;animation&quot;:&quot;fadeIn&quot;}\">\n\t\t\t<div class=\"elementor-widget-wrap elementor-element-populated\">\n\t\t\t\t\t<div class=\"elementor-background-overlay\"><\/div>\n\t\t\t\t\t\t<section class=\"elementor-section elementor-inner-section elementor-element elementor-element-128bc111 elementor-section-boxed elementor-section-height-default elementor-section-height-default\" data-id=\"128bc111\" data-element_type=\"section\" data-e-type=\"section\" data-settings=\"{&quot;background_background&quot;:&quot;classic&quot;}\">\n\t\t\t\t\t\t\t<div class=\"elementor-background-overlay\"><\/div>\n\t\t\t\t\t\t\t<div class=\"elementor-container elementor-column-gap-default\">\n\t\t\t\t\t<div class=\"elementor-column elementor-col-100 elementor-inner-column elementor-element elementor-element-53cded71 elementor-invisible\" data-id=\"53cded71\" data-element_type=\"column\" data-e-type=\"column\" data-settings=\"{&quot;animation&quot;:&quot;fadeIn&quot;}\">\n\t\t\t<div class=\"elementor-widget-wrap elementor-element-populated\">\n\t\t\t\t\t\t<div class=\"elementor-element elementor-element-57a885cf elementor-widget elementor-widget-heading\" data-id=\"57a885cf\" data-element_type=\"widget\" data-e-type=\"widget\" data-widget_type=\"heading.default\">\n\t\t\t\t<div class=\"elementor-widget-container\">\n\t\t\t\t\t<h6 class=\"elementor-heading-title elementor-size-large\">FES-TE PROFESSIONAL DEL BUSSEIG<\/h6>\t\t\t\t<\/div>\n\t\t\t\t<\/div>\n\t\t\t\t\t<\/div>\n\t\t<\/div>\n\t\t\t\t\t<\/div>\n\t\t<\/section>\n\t\t\t\t\t<\/div>\n\t\t<\/div>\n\t\t\t\t\t<\/div>\n\t\t<\/section>\n\t\t<div class=\"elementor-element elementor-element-45d3e6f3 e-flex e-con-boxed e-con e-parent\" data-id=\"45d3e6f3\" data-element_type=\"container\" data-e-type=\"container\">\n\t\t\t\t\t<div class=\"e-con-inner\">\n\t\t\t\t\t<\/div>\n\t\t\t\t<\/div>\n\t\t<div class=\"elementor-element elementor-element-5d346e9e e-flex e-con-boxed e-con e-parent\" data-id=\"5d346e9e\" data-element_type=\"container\" data-e-type=\"container\">\n\t\t\t\t\t<div class=\"e-con-inner\">\n\t\t<div class=\"elementor-element elementor-element-80db411 e-con-full e-flex e-con e-child\" data-id=\"80db411\" data-element_type=\"container\" data-e-type=\"container\">\n\t\t\t\t<div class=\"elementor-element elementor-element-cd30570 elementor-widget elementor-widget-text-editor\" data-id=\"cd30570\" data-element_type=\"widget\" data-e-type=\"widget\" data-widget_type=\"text-editor.default\">\n\t\t\t\t<div class=\"elementor-widget-container\">\n\t\t\t\t\t\t\t\t\t<p>A El \u00daltimo Coral ens agrada denominar aquest nivell com a formaci\u00f3 i no com a curs, per la senzilla ra\u00f3 que comen\u00e7ar\u00e0s a ser la imatge dels professionals de busseig. Contagiant-vos encara m\u00e9s, si \u00e9s possible, de tota la nostra passi\u00f3, us guiarem a cada pas i us aconsellarem de la millor manera possible per transmetre&#8217;t els coneixements i tota l&#8217;experi\u00e8ncia que hem adquirit durant tots aquests anys.<\/p><p>Durant aquesta formaci\u00f3 t&#8217;ensenyarem a ser un l\u00edder i a fer-te c\u00e0rrec de les activitats de busseig, podent treballar com a guia de grup, fent batejos, a trav\u00e9s del nostre club o en centres de busseig.<\/p><p>Tot aix\u00f2, a trav\u00e9s de sessions de desenvolupament de coneixements amb el vostre instructor\/mentor, exercicis i tallers d&#8217;habilitats en el maneig de l&#8217;aigua i avaluacions pr\u00e0ctiques, desenvolupar\u00e0 les habilitats per organitzar i dirigir una varietat d&#8217;activitats de busseig.<\/p><p>Ho podem impartir amb qualsevol de les nostres dues organitzacions formatives: <strong>PADI (DIVEMASTER) i FECDAS-CMAS (BUSSEJADOR 3 Estrelles)<\/strong><\/p><p>*NO INCLOU: Equip de busseig, ni taxes d&#8217;habilitaci\u00f3 PADI.<\/p><p><strong>\u00a0<\/strong><\/p>\t\t\t\t\t\t\t\t<\/div>\n\t\t\t\t<\/div>\n\t\t\t\t<div class=\"elementor-element elementor-element-2ec6e606 elementor-align-center elementor-widget elementor-widget-button\" data-id=\"2ec6e606\" data-element_type=\"widget\" data-e-type=\"widget\" data-widget_type=\"button.default\">\n\t\t\t\t<div class=\"elementor-widget-container\">\n\t\t\t\t\t\t\t\t\t<div class=\"elementor-button-wrapper\">\n\t\t\t\t\t<a class=\"elementor-button elementor-button-link elementor-size-lg\" href=\"https:\/\/cat.elultimocoral.es\/index.php\/formulario-cursos\/\">\n\t\t\t\t\t\t<span class=\"elementor-button-content-wrapper\">\n\t\t\t\t\t\t\t\t\t<span class=\"elementor-button-text\">inscriu-te<\/span>\n\t\t\t\t\t<\/span>\n\t\t\t\t\t<\/a>\n\t\t\t\t<\/div>\n\t\t\t\t\t\t\t\t<\/div>\n\t\t\t\t<\/div>\n\t\t\t\t<\/div>\n\t\t<div class=\"elementor-element elementor-element-47ce96ee e-con-full e-flex e-con e-child\" data-id=\"47ce96ee\" data-element_type=\"container\" data-e-type=\"container\">\n\t\t<div class=\"elementor-element elementor-element-6c7b00a7 e-flex e-con-boxed e-con e-child\" data-id=\"6c7b00a7\" data-element_type=\"container\" data-e-type=\"container\">\n\t\t\t\t\t<div class=\"e-con-inner\">\n\t\t\t\t<div class=\"elementor-element elementor-element-2e90b0e5 elementor-widget elementor-widget-image\" data-id=\"2e90b0e5\" data-element_type=\"widget\" data-e-type=\"widget\" data-widget_type=\"image.default\">\n\t\t\t\t<div class=\"elementor-widget-container\">\n\t\t\t\t\t\t\t\t\t\t\t\t\t\t\t<img decoding=\"async\" src=\"https:\/\/cat.elultimocoral.es\/wp-content\/uploads\/elementor\/thumbs\/En-45-minutos-aproximadamente-14-qm1zg69hr20mbsevym6iiodbwvopk7vd3tlbyf4t5s.png\" title=\"\" alt=\"\" loading=\"lazy\" \/>\t\t\t\t\t\t\t\t\t\t\t\t\t\t\t<\/div>\n\t\t\t\t<\/div>\n\t\t\t\t\t<\/div>\n\t\t\t\t<\/div>\n\t\t<div class=\"elementor-element elementor-element-558d22 e-flex e-con-boxed e-con e-child\" data-id=\"558d22\" data-element_type=\"container\" data-e-type=\"container\">\n\t\t\t\t\t<div class=\"e-con-inner\">\n\t\t\t\t<div class=\"elementor-element elementor-element-764b1e47 elementor-widget elementor-widget-image\" data-id=\"764b1e47\" data-element_type=\"widget\" data-e-type=\"widget\" data-widget_type=\"image.default\">\n\t\t\t\t<div class=\"elementor-widget-container\">\n\t\t\t\t\t\t\t\t\t\t\t\t\t\t\t<img decoding=\"async\" src=\"https:\/\/cat.elultimocoral.es\/wp-content\/uploads\/elementor\/thumbs\/El-texto-del-parrafo-14-qlz0rxp351sm9je3bznvp7xa9rhqbemo2pt0mr1l7k.png\" title=\"\" alt=\"\" loading=\"lazy\" \/>\t\t\t\t\t\t\t\t\t\t\t\t\t\t\t<\/div>\n\t\t\t\t<\/div>\n\t\t\t\t\t<\/div>\n\t\t\t\t<\/div>\n\t\t\t\t<\/div>\n\t\t\t\t\t<\/div>\n\t\t\t\t<\/div>\n\t\t\t\t<\/div>\n\t\t","protected":false},"excerpt":{"rendered":"<p>FES-TE PROFESSIONAL DEL BUSSEIG A El \u00daltimo Coral ens agrada denominar aquest nivell com a formaci\u00f3 i no com a curs, per la senzilla ra\u00f3 que comen\u00e7ar\u00e0s a ser la imatge dels professionals de busseig. Contagiant-vos encara m\u00e9s, si \u00e9s possible, de tota la nostra passi\u00f3, us guiarem a cada pas i us aconsellarem de &hellip; <a href=\"https:\/\/cat.elultimocoral.es\/index.php\/fes-te-professional\/\" class=\"more-link\">Continue reading<span class=\"screen-reader-text\"> &#8220;Fes-te Professional&#8221;<\/span><\/a><\/p>\n","protected":false},"author":1,"featured_media":0,"parent":0,"menu_order":0,"comment_status":"closed","ping_status":"closed","template":"elementor_header_footer","meta":{"footnotes":""},"class_list":["post-1112","page","type-page","status-publish","hentry"],"post_mailing_queue_ids":[],"_links":{"self":[{"href":"https:\/\/cat.elultimocoral.es\/index.php\/wp-json\/wp\/v2\/pages\/1112","targetHints":{"allow":["GET"]}}],"collection":[{"href":"https:\/\/cat.elultimocoral.es\/index.php\/wp-json\/wp\/v2\/pages"}],"about":[{"href":"https:\/\/cat.elultimocoral.es\/index.php\/wp-json\/wp\/v2\/types\/page"}],"author":[{"embeddable":true,"href":"https:\/\/cat.elultimocoral.es\/index.php\/wp-json\/wp\/v2\/users\/1"}],"replies":[{"embeddable":true,"href":"https:\/\/cat.elultimocoral.es\/index.php\/wp-json\/wp\/v2\/comments?post=1112"}],"version-history":[{"count":20,"href":"https:\/\/cat.elultimocoral.es\/index.php\/wp-json\/wp\/v2\/pages\/1112\/revisions"}],"predecessor-version":[{"id":1594,"href":"https:\/\/cat.elultimocoral.es\/index.php\/wp-json\/wp\/v2\/pages\/1112\/revisions\/1594"}],"wp:attachment":[{"href":"https:\/\/cat.elultimocoral.es\/index.php\/wp-json\/wp\/v2\/media?parent=1112"}],"curies":[{"name":"wp","href":"https:\/\/api.w.org\/{rel}","templated":true}]}}