{"id":1015,"date":"2024-03-30T11:49:25","date_gmt":"2024-03-30T10:49:25","guid":{"rendered":"https:\/\/cat.elultimocoral.es\/index.php\/compromiso-social\/"},"modified":"2024-04-01T06:53:39","modified_gmt":"2024-04-01T04:53:39","slug":"compromis-social","status":"publish","type":"page","link":"https:\/\/cat.elultimocoral.es\/index.php\/compromis-social\/","title":{"rendered":"Comprom\u00eds Social"},"content":{"rendered":"\t\t<div data-elementor-type=\"wp-page\" data-elementor-id=\"1015\" class=\"elementor elementor-1015\">\n\t\t\t\t\t\t<section class=\"elementor-section elementor-top-section elementor-element elementor-element-2c712c05 elementor-section-full_width elementor-section-height-default elementor-section-height-default\" data-id=\"2c712c05\" data-element_type=\"section\" data-e-type=\"section\" data-settings=\"{&quot;background_background&quot;:&quot;classic&quot;}\">\n\t\t\t\t\t\t<div class=\"elementor-container elementor-column-gap-default\">\n\t\t\t\t\t<div class=\"elementor-column elementor-col-100 elementor-top-column elementor-element elementor-element-44e159a0 elementor-invisible\" data-id=\"44e159a0\" data-element_type=\"column\" data-e-type=\"column\" data-settings=\"{&quot;background_background&quot;:&quot;classic&quot;,&quot;animation&quot;:&quot;fadeIn&quot;}\">\n\t\t\t<div class=\"elementor-widget-wrap elementor-element-populated\">\n\t\t\t\t\t<div class=\"elementor-background-overlay\"><\/div>\n\t\t\t\t\t\t<section class=\"elementor-section elementor-inner-section elementor-element elementor-element-5afda351 elementor-section-boxed elementor-section-height-default elementor-section-height-default\" data-id=\"5afda351\" data-element_type=\"section\" data-e-type=\"section\" data-settings=\"{&quot;background_background&quot;:&quot;classic&quot;}\">\n\t\t\t\t\t\t\t<div class=\"elementor-background-overlay\"><\/div>\n\t\t\t\t\t\t\t<div class=\"elementor-container elementor-column-gap-default\">\n\t\t\t\t\t<div class=\"elementor-column elementor-col-100 elementor-inner-column elementor-element elementor-element-30c66bc2 elementor-invisible\" data-id=\"30c66bc2\" data-element_type=\"column\" data-e-type=\"column\" data-settings=\"{&quot;animation&quot;:&quot;fadeIn&quot;}\">\n\t\t\t<div class=\"elementor-widget-wrap elementor-element-populated\">\n\t\t\t\t\t\t<div class=\"elementor-element elementor-element-3d89c246 elementor-widget elementor-widget-heading\" data-id=\"3d89c246\" data-element_type=\"widget\" data-e-type=\"widget\" data-widget_type=\"heading.default\">\n\t\t\t\t<div class=\"elementor-widget-container\">\n\t\t\t\t\t<h6 class=\"elementor-heading-title elementor-size-large\">COL\u00b7LABORACI\u00d3 SOLID\u00c0RIA I <br>COMPROM\u00cdS SOCIAL<\/h6>\t\t\t\t<\/div>\n\t\t\t\t<\/div>\n\t\t\t\t\t<\/div>\n\t\t<\/div>\n\t\t\t\t\t<\/div>\n\t\t<\/section>\n\t\t\t\t\t<\/div>\n\t\t<\/div>\n\t\t\t\t\t<\/div>\n\t\t<\/section>\n\t\t<div class=\"elementor-element elementor-element-4d64fcd2 e-flex e-con-boxed e-con e-parent\" data-id=\"4d64fcd2\" data-element_type=\"container\" data-e-type=\"container\">\n\t\t\t\t\t<div class=\"e-con-inner\">\n\t\t\t\t\t<\/div>\n\t\t\t\t<\/div>\n\t\t<div class=\"elementor-element elementor-element-3c2df71 e-flex e-con-boxed e-con e-parent\" data-id=\"3c2df71\" data-element_type=\"container\" data-e-type=\"container\">\n\t\t\t\t\t<div class=\"e-con-inner\">\n\t\t<div class=\"elementor-element elementor-element-4c66c78e e-con-full e-flex e-con e-child\" data-id=\"4c66c78e\" data-element_type=\"container\" data-e-type=\"container\">\n\t\t\t\t<div class=\"elementor-element elementor-element-1544606e elementor-widget elementor-widget-text-editor\" data-id=\"1544606e\" data-element_type=\"widget\" data-e-type=\"widget\" data-widget_type=\"text-editor.default\">\n\t\t\t\t<div class=\"elementor-widget-container\">\n\t\t\t\t\t\t\t\t\t<p>El nostre esperit de voler posar el nostre granet de sorra per millorar les necessitats socials, fa que estiguem compromesos a ajudar en l&#8217;organitzaci\u00f3, promoci\u00f3 i aportaci\u00f3 de qualsevol acte ben\u00e8fic en qu\u00e8 puguem participar.<\/p><p>Col\u00b7laborem i, tamb\u00e9 organitzem, juntament amb corporacions o entitats, els BATEJOS DE BUSSEIG SOLIDARIS. Creiem que \u00e9s una forma bonica d&#8217;ensenyar el nostre esport que \u00e9s el busseig i, alhora, ajudar a fundacions, associacions i organitzacions de car\u00e0cter humanitari i\/o per a la recerca en benefici d&#8217;aquestes.<\/p><p>Als BATEJOS SOLIDARIS tots hi sortim guanyant, ja que podem tenir una experi\u00e8ncia diferent com \u00e9s el busseig i, alhora, ajudar els altres.<\/p><p>Mitjan\u00e7ant el busseig volem poder alegrar i millorar la vida de les persones.<\/p>\t\t\t\t\t\t\t\t<\/div>\n\t\t\t\t<\/div>\n\t\t\t\t<div class=\"elementor-element elementor-element-311cd8b8 elementor-align-center elementor-widget elementor-widget-button\" data-id=\"311cd8b8\" data-element_type=\"widget\" data-e-type=\"widget\" data-widget_type=\"button.default\">\n\t\t\t\t<div class=\"elementor-widget-container\">\n\t\t\t\t\t\t\t\t\t<div class=\"elementor-button-wrapper\">\n\t\t\t\t\t<a class=\"elementor-button elementor-button-link elementor-size-lg\" href=\"https:\/\/cat.elultimocoral.es\/index.php\/formulario-cursos\/\">\n\t\t\t\t\t\t<span class=\"elementor-button-content-wrapper\">\n\t\t\t\t\t\t\t\t\t<span class=\"elementor-button-text\">INSCRIU-TE<\/span>\n\t\t\t\t\t<\/span>\n\t\t\t\t\t<\/a>\n\t\t\t\t<\/div>\n\t\t\t\t\t\t\t\t<\/div>\n\t\t\t\t<\/div>\n\t\t\t\t<\/div>\n\t\t<div class=\"elementor-element elementor-element-39c3adfc e-con-full e-flex e-con e-child\" data-id=\"39c3adfc\" data-element_type=\"container\" data-e-type=\"container\">\n\t\t<div class=\"elementor-element elementor-element-5ef1e5ba e-flex e-con-boxed e-con e-child\" data-id=\"5ef1e5ba\" data-element_type=\"container\" data-e-type=\"container\">\n\t\t\t\t\t<div class=\"e-con-inner\">\n\t\t\t\t<div class=\"elementor-element elementor-element-27e0100d elementor-widget elementor-widget-image\" data-id=\"27e0100d\" data-element_type=\"widget\" data-e-type=\"widget\" data-widget_type=\"image.default\">\n\t\t\t\t<div class=\"elementor-widget-container\">\n\t\t\t\t\t\t\t\t\t\t\t\t\t\t\t<img decoding=\"async\" src=\"https:\/\/cat.elultimocoral.es\/wp-content\/uploads\/elementor\/thumbs\/En-45-minutos-aproximadamente-8-qlyyhapv2jw8ealysxiyeln1hr1l7ibofdxwljmd9c.png\" title=\"\" alt=\"\" loading=\"lazy\" \/>\t\t\t\t\t\t\t\t\t\t\t\t\t\t\t<\/div>\n\t\t\t\t<\/div>\n\t\t\t\t\t<\/div>\n\t\t\t\t<\/div>\n\t\t<div class=\"elementor-element elementor-element-460cc5ef e-flex e-con-boxed e-con e-child\" data-id=\"460cc5ef\" data-element_type=\"container\" data-e-type=\"container\">\n\t\t\t\t\t<div class=\"e-con-inner\">\n\t\t\t\t<div class=\"elementor-element elementor-element-7b05bcc8 elementor-widget elementor-widget-image\" data-id=\"7b05bcc8\" data-element_type=\"widget\" data-e-type=\"widget\" data-widget_type=\"image.default\">\n\t\t\t\t<div class=\"elementor-widget-container\">\n\t\t\t\t\t\t\t\t\t\t\t\t\t\t\t<img decoding=\"async\" src=\"https:\/\/cat.elultimocoral.es\/wp-content\/uploads\/elementor\/thumbs\/El-texto-del-parrafo-10-qlyyid9a2m4ab4j5anowsp3a472v32u0xiabddgi48.png\" title=\"\" alt=\"\" loading=\"lazy\" \/>\t\t\t\t\t\t\t\t\t\t\t\t\t\t\t<\/div>\n\t\t\t\t<\/div>\n\t\t\t\t\t<\/div>\n\t\t\t\t<\/div>\n\t\t\t\t<\/div>\n\t\t\t\t\t<\/div>\n\t\t\t\t<\/div>\n\t\t\t\t<\/div>\n\t\t","protected":false},"excerpt":{"rendered":"<p>COL\u00b7LABORACI\u00d3 SOLID\u00c0RIA I COMPROM\u00cdS SOCIAL El nostre esperit de voler posar el nostre granet de sorra per millorar les necessitats socials, fa que estiguem compromesos a ajudar en l&#8217;organitzaci\u00f3, promoci\u00f3 i aportaci\u00f3 de qualsevol acte ben\u00e8fic en qu\u00e8 puguem participar. Col\u00b7laborem i, tamb\u00e9 organitzem, juntament amb corporacions o entitats, els BATEJOS DE BUSSEIG SOLIDARIS. Creiem &hellip; <a href=\"https:\/\/cat.elultimocoral.es\/index.php\/compromis-social\/\" class=\"more-link\">Continue reading<span class=\"screen-reader-text\"> &#8220;Comprom\u00eds Social&#8221;<\/span><\/a><\/p>\n","protected":false},"author":1,"featured_media":0,"parent":0,"menu_order":0,"comment_status":"closed","ping_status":"closed","template":"elementor_header_footer","meta":{"footnotes":""},"class_list":["post-1015","page","type-page","status-publish","hentry"],"post_mailing_queue_ids":[],"_links":{"self":[{"href":"https:\/\/cat.elultimocoral.es\/index.php\/wp-json\/wp\/v2\/pages\/1015","targetHints":{"allow":["GET"]}}],"collection":[{"href":"https:\/\/cat.elultimocoral.es\/index.php\/wp-json\/wp\/v2\/pages"}],"about":[{"href":"https:\/\/cat.elultimocoral.es\/index.php\/wp-json\/wp\/v2\/types\/page"}],"author":[{"embeddable":true,"href":"https:\/\/cat.elultimocoral.es\/index.php\/wp-json\/wp\/v2\/users\/1"}],"replies":[{"embeddable":true,"href":"https:\/\/cat.elultimocoral.es\/index.php\/wp-json\/wp\/v2\/comments?post=1015"}],"version-history":[{"count":14,"href":"https:\/\/cat.elultimocoral.es\/index.php\/wp-json\/wp\/v2\/pages\/1015\/revisions"}],"predecessor-version":[{"id":1575,"href":"https:\/\/cat.elultimocoral.es\/index.php\/wp-json\/wp\/v2\/pages\/1015\/revisions\/1575"}],"wp:attachment":[{"href":"https:\/\/cat.elultimocoral.es\/index.php\/wp-json\/wp\/v2\/media?parent=1015"}],"curies":[{"name":"wp","href":"https:\/\/api.w.org\/{rel}","templated":true}]}}